{"id":2557,"date":"2013-04-23T09:59:12","date_gmt":"2013-04-23T08:59:12","guid":{"rendered":"https:\/\/nueva.elmejorjamon.es\/producto\/monteparra-iberico-schinken-50-iberischen-rasse-7-75-kg\/"},"modified":"2026-02-04T09:58:49","modified_gmt":"2026-02-04T08:58:49","slug":"monteparra-iberischer-eichelschinken-50-iberische-rasse","status":"publish","type":"product","link":"https:\/\/elmejorjamon.es\/de\/producto\/monteparra-iberischer-eichelschinken-50-iberische-rasse\/","title":{"rendered":"Monteparra Iberischer Eichelschinken, 50 % iberische Rasse"},"content":{"rendered":"<p>Iberischer Eichelschinken, 50 % iberische Rasse, 48 Monate nat\u00fcrlich gereift, aus der Ernte 2022. Die verl\u00e4ngerte Reifezeit sorgt f\u00fcr ein komplexeres Aroma, eine seidigere Textur und eine bessere Fettbindung. Limitierte Auflage.<\/p>\n","protected":false},"excerpt":{"rendered":"<p>Monteparra Iberico Schinken 50% iberischen Rasse.<\/p>\n","protected":false},"featured_media":2518,"comment_status":"open","ping_status":"closed","template":"","meta":{"_et_pb_use_builder":"","_et_pb_old_content":"","_et_gb_content_width":"","_sitemap_exclude":false,"_sitemap_priority":"","_sitemap_frequency":""},"product_brand":[],"product_cat":[48,108,24],"product_tag":[],"class_list":{"0":"post-2557","1":"product","2":"type-product","3":"status-publish","4":"has-post-thumbnail","6":"product_cat-alle-produkte","7":"product_cat-iberischer-schinken","8":"product_cat-startseite","9":"product_shipping_class-normal-de","10":"pa_opciones-gesamtesstuck-de","11":"pa_opciones-4c-mitdemmessergeschnittenun-de","12":"pa_opciones-9c-ohneknochenundvakuumverpa-de","13":"pa_peso-8kgaprox-de","14":"pa_peso-9kgaprox-de","15":"pa_peso-ca-85-kg","17":"first","18":"instock","19":"shipping-taxable","20":"purchasable","21":"product-type-variable","22":"has-default-attributes"},"yoast_head":"<!-- This site is optimized with the Yoast SEO plugin v27.4 - https:\/\/yoast.com\/product\/yoast-seo-wordpress\/ -->\n<title>Monteparra Iberischer Eichelschinken, 50 % iberische Rasse - El Mejor Jam\u00f3n<\/title>\n<meta name=\"robots\" content=\"index, follow, max-snippet:-1, max-image-preview:large, max-video-preview:-1\" \/>\n<link rel=\"canonical\" href=\"https:\/\/elmejorjamon.es\/de\/producto\/monteparra-iberischer-eichelschinken-50-iberische-rasse\/\" \/>\n<meta property=\"og:locale\" content=\"de_DE\" \/>\n<meta property=\"og:type\" content=\"article\" \/>\n<meta property=\"og:title\" content=\"Monteparra Iberischer Eichelschinken, 50 % iberische Rasse - El Mejor Jam\u00f3n\" \/>\n<meta property=\"og:description\" content=\"Monteparra Iberico Schinken 50% iberischen Rasse.\" \/>\n<meta property=\"og:url\" content=\"https:\/\/elmejorjamon.es\/de\/producto\/monteparra-iberischer-eichelschinken-50-iberische-rasse\/\" \/>\n<meta property=\"og:site_name\" content=\"El Mejor Jam\u00f3n\" \/>\n<meta property=\"article:publisher\" content=\"https:\/\/www.facebook.com\/elmejorjamonweb\" \/>\n<meta property=\"article:modified_time\" content=\"2026-02-04T08:58:49+00:00\" \/>\n<meta property=\"og:image\" content=\"https:\/\/elmejorjamon.es\/wp-content\/uploads\/2013\/04\/1763-thickbox_default-Jamon-de-bellota-50-berico-Monteparra-Guijuelo.jpg\" \/>\n\t<meta property=\"og:image:width\" content=\"1100\" \/>\n\t<meta property=\"og:image:height\" content=\"1422\" \/>\n\t<meta property=\"og:image:type\" content=\"image\/jpeg\" \/>\n<meta name=\"twitter:card\" content=\"summary_large_image\" \/>\n<meta name=\"twitter:site\" content=\"@elmejorjamonweb\" \/>\n<meta name=\"twitter:label1\" content=\"Gesch\u00e4tzte Lesezeit\" \/>\n\t<meta name=\"twitter:data1\" content=\"1\u00a0Minute\" \/>\n<script type=\"application\/ld+json\" class=\"yoast-schema-graph\">{\"@context\":\"https:\\\/\\\/schema.org\",\"@graph\":[{\"@type\":\"WebPage\",\"@id\":\"https:\\\/\\\/elmejorjamon.es\\\/de\\\/producto\\\/monteparra-iberischer-eichelschinken-50-iberische-rasse\\\/\",\"url\":\"https:\\\/\\\/elmejorjamon.es\\\/de\\\/producto\\\/monteparra-iberischer-eichelschinken-50-iberische-rasse\\\/\",\"name\":\"Monteparra Iberischer Eichelschinken, 50 % iberische Rasse - El Mejor Jam\u00f3n\",\"isPartOf\":{\"@id\":\"https:\\\/\\\/elmejorjamon.es\\\/#website\"},\"primaryImageOfPage\":{\"@id\":\"https:\\\/\\\/elmejorjamon.es\\\/de\\\/producto\\\/monteparra-iberischer-eichelschinken-50-iberische-rasse\\\/#primaryimage\"},\"image\":{\"@id\":\"https:\\\/\\\/elmejorjamon.es\\\/de\\\/producto\\\/monteparra-iberischer-eichelschinken-50-iberische-rasse\\\/#primaryimage\"},\"thumbnailUrl\":\"https:\\\/\\\/elmejorjamon.es\\\/wp-content\\\/uploads\\\/2013\\\/04\\\/1763-thickbox_default-Jamon-de-bellota-50-berico-Monteparra-Guijuelo.jpg\",\"datePublished\":\"2013-04-23T08:59:12+00:00\",\"dateModified\":\"2026-02-04T08:58:49+00:00\",\"breadcrumb\":{\"@id\":\"https:\\\/\\\/elmejorjamon.es\\\/de\\\/producto\\\/monteparra-iberischer-eichelschinken-50-iberische-rasse\\\/#breadcrumb\"},\"inLanguage\":\"de\",\"potentialAction\":[{\"@type\":\"ReadAction\",\"target\":[\"https:\\\/\\\/elmejorjamon.es\\\/de\\\/producto\\\/monteparra-iberischer-eichelschinken-50-iberische-rasse\\\/\"]}]},{\"@type\":\"ImageObject\",\"inLanguage\":\"de\",\"@id\":\"https:\\\/\\\/elmejorjamon.es\\\/de\\\/producto\\\/monteparra-iberischer-eichelschinken-50-iberische-rasse\\\/#primaryimage\",\"url\":\"https:\\\/\\\/elmejorjamon.es\\\/wp-content\\\/uploads\\\/2013\\\/04\\\/1763-thickbox_default-Jamon-de-bellota-50-berico-Monteparra-Guijuelo.jpg\",\"contentUrl\":\"https:\\\/\\\/elmejorjamon.es\\\/wp-content\\\/uploads\\\/2013\\\/04\\\/1763-thickbox_default-Jamon-de-bellota-50-berico-Monteparra-Guijuelo.jpg\",\"width\":1100,\"height\":1422},{\"@type\":\"BreadcrumbList\",\"@id\":\"https:\\\/\\\/elmejorjamon.es\\\/de\\\/producto\\\/monteparra-iberischer-eichelschinken-50-iberische-rasse\\\/#breadcrumb\",\"itemListElement\":[{\"@type\":\"ListItem\",\"position\":1,\"name\":\"Portada\",\"item\":\"https:\\\/\\\/elmejorjamon.es\\\/de\\\/\"},{\"@type\":\"ListItem\",\"position\":2,\"name\":\"Schnellstart\",\"item\":\"https:\\\/\\\/elmejorjamon.es\\\/de\\\/\"},{\"@type\":\"ListItem\",\"position\":3,\"name\":\"Monteparra Iberischer Eichelschinken, 50 % iberische Rasse\"}]},{\"@type\":\"WebSite\",\"@id\":\"https:\\\/\\\/elmejorjamon.es\\\/#website\",\"url\":\"https:\\\/\\\/elmejorjamon.es\\\/\",\"name\":\"El Mejor Jam\u00f3n\",\"description\":\"Comprar jamones y embutidos a buen precio\",\"publisher\":{\"@id\":\"https:\\\/\\\/elmejorjamon.es\\\/#organization\"},\"potentialAction\":[{\"@type\":\"SearchAction\",\"target\":{\"@type\":\"EntryPoint\",\"urlTemplate\":\"https:\\\/\\\/elmejorjamon.es\\\/?s={search_term_string}\"},\"query-input\":{\"@type\":\"PropertyValueSpecification\",\"valueRequired\":true,\"valueName\":\"search_term_string\"}}],\"inLanguage\":\"de\"},{\"@type\":\"Organization\",\"@id\":\"https:\\\/\\\/elmejorjamon.es\\\/#organization\",\"name\":\"El Mejor Jam\u00f3n\",\"url\":\"https:\\\/\\\/elmejorjamon.es\\\/\",\"logo\":{\"@type\":\"ImageObject\",\"inLanguage\":\"de\",\"@id\":\"https:\\\/\\\/elmejorjamon.es\\\/#\\\/schema\\\/logo\\\/image\\\/\",\"url\":\"https:\\\/\\\/elmejorjamon.es\\\/wp-content\\\/uploads\\\/2025\\\/01\\\/logocorreos.png\",\"contentUrl\":\"https:\\\/\\\/elmejorjamon.es\\\/wp-content\\\/uploads\\\/2025\\\/01\\\/logocorreos.png\",\"width\":277,\"height\":200,\"caption\":\"El Mejor Jam\u00f3n\"},\"image\":{\"@id\":\"https:\\\/\\\/elmejorjamon.es\\\/#\\\/schema\\\/logo\\\/image\\\/\"},\"sameAs\":[\"https:\\\/\\\/www.facebook.com\\\/elmejorjamonweb\",\"https:\\\/\\\/x.com\\\/elmejorjamonweb\",\"https:\\\/\\\/www.instagram.com\\\/elmejorjamonweb\\\/\"]}]}<\/script>\n<!-- \/ Yoast SEO plugin. -->","yoast_head_json":{"title":"Monteparra Iberischer Eichelschinken, 50 % iberische Rasse - El Mejor Jam\u00f3n","robots":{"index":"index","follow":"follow","max-snippet":"max-snippet:-1","max-image-preview":"max-image-preview:large","max-video-preview":"max-video-preview:-1"},"canonical":"https:\/\/elmejorjamon.es\/de\/producto\/monteparra-iberischer-eichelschinken-50-iberische-rasse\/","og_locale":"de_DE","og_type":"article","og_title":"Monteparra Iberischer Eichelschinken, 50 % iberische Rasse - El Mejor Jam\u00f3n","og_description":"Monteparra Iberico Schinken 50% iberischen Rasse.","og_url":"https:\/\/elmejorjamon.es\/de\/producto\/monteparra-iberischer-eichelschinken-50-iberische-rasse\/","og_site_name":"El Mejor Jam\u00f3n","article_publisher":"https:\/\/www.facebook.com\/elmejorjamonweb","article_modified_time":"2026-02-04T08:58:49+00:00","og_image":[{"width":1100,"height":1422,"url":"https:\/\/elmejorjamon.es\/wp-content\/uploads\/2013\/04\/1763-thickbox_default-Jamon-de-bellota-50-berico-Monteparra-Guijuelo.jpg","type":"image\/jpeg"}],"twitter_card":"summary_large_image","twitter_site":"@elmejorjamonweb","twitter_misc":{"Gesch\u00e4tzte Lesezeit":"1\u00a0Minute"},"schema":{"@context":"https:\/\/schema.org","@graph":[{"@type":"WebPage","@id":"https:\/\/elmejorjamon.es\/de\/producto\/monteparra-iberischer-eichelschinken-50-iberische-rasse\/","url":"https:\/\/elmejorjamon.es\/de\/producto\/monteparra-iberischer-eichelschinken-50-iberische-rasse\/","name":"Monteparra Iberischer Eichelschinken, 50 % iberische Rasse - El Mejor Jam\u00f3n","isPartOf":{"@id":"https:\/\/elmejorjamon.es\/#website"},"primaryImageOfPage":{"@id":"https:\/\/elmejorjamon.es\/de\/producto\/monteparra-iberischer-eichelschinken-50-iberische-rasse\/#primaryimage"},"image":{"@id":"https:\/\/elmejorjamon.es\/de\/producto\/monteparra-iberischer-eichelschinken-50-iberische-rasse\/#primaryimage"},"thumbnailUrl":"https:\/\/elmejorjamon.es\/wp-content\/uploads\/2013\/04\/1763-thickbox_default-Jamon-de-bellota-50-berico-Monteparra-Guijuelo.jpg","datePublished":"2013-04-23T08:59:12+00:00","dateModified":"2026-02-04T08:58:49+00:00","breadcrumb":{"@id":"https:\/\/elmejorjamon.es\/de\/producto\/monteparra-iberischer-eichelschinken-50-iberische-rasse\/#breadcrumb"},"inLanguage":"de","potentialAction":[{"@type":"ReadAction","target":["https:\/\/elmejorjamon.es\/de\/producto\/monteparra-iberischer-eichelschinken-50-iberische-rasse\/"]}]},{"@type":"ImageObject","inLanguage":"de","@id":"https:\/\/elmejorjamon.es\/de\/producto\/monteparra-iberischer-eichelschinken-50-iberische-rasse\/#primaryimage","url":"https:\/\/elmejorjamon.es\/wp-content\/uploads\/2013\/04\/1763-thickbox_default-Jamon-de-bellota-50-berico-Monteparra-Guijuelo.jpg","contentUrl":"https:\/\/elmejorjamon.es\/wp-content\/uploads\/2013\/04\/1763-thickbox_default-Jamon-de-bellota-50-berico-Monteparra-Guijuelo.jpg","width":1100,"height":1422},{"@type":"BreadcrumbList","@id":"https:\/\/elmejorjamon.es\/de\/producto\/monteparra-iberischer-eichelschinken-50-iberische-rasse\/#breadcrumb","itemListElement":[{"@type":"ListItem","position":1,"name":"Portada","item":"https:\/\/elmejorjamon.es\/de\/"},{"@type":"ListItem","position":2,"name":"Schnellstart","item":"https:\/\/elmejorjamon.es\/de\/"},{"@type":"ListItem","position":3,"name":"Monteparra Iberischer Eichelschinken, 50 % iberische Rasse"}]},{"@type":"WebSite","@id":"https:\/\/elmejorjamon.es\/#website","url":"https:\/\/elmejorjamon.es\/","name":"El Mejor Jam\u00f3n","description":"Comprar jamones y embutidos a buen precio","publisher":{"@id":"https:\/\/elmejorjamon.es\/#organization"},"potentialAction":[{"@type":"SearchAction","target":{"@type":"EntryPoint","urlTemplate":"https:\/\/elmejorjamon.es\/?s={search_term_string}"},"query-input":{"@type":"PropertyValueSpecification","valueRequired":true,"valueName":"search_term_string"}}],"inLanguage":"de"},{"@type":"Organization","@id":"https:\/\/elmejorjamon.es\/#organization","name":"El Mejor Jam\u00f3n","url":"https:\/\/elmejorjamon.es\/","logo":{"@type":"ImageObject","inLanguage":"de","@id":"https:\/\/elmejorjamon.es\/#\/schema\/logo\/image\/","url":"https:\/\/elmejorjamon.es\/wp-content\/uploads\/2025\/01\/logocorreos.png","contentUrl":"https:\/\/elmejorjamon.es\/wp-content\/uploads\/2025\/01\/logocorreos.png","width":277,"height":200,"caption":"El Mejor Jam\u00f3n"},"image":{"@id":"https:\/\/elmejorjamon.es\/#\/schema\/logo\/image\/"},"sameAs":["https:\/\/www.facebook.com\/elmejorjamonweb","https:\/\/x.com\/elmejorjamonweb","https:\/\/www.instagram.com\/elmejorjamonweb\/"]}]}},"_links":{"self":[{"href":"https:\/\/elmejorjamon.es\/de\/wp-json\/wp\/v2\/product\/2557","targetHints":{"allow":["GET"]}}],"collection":[{"href":"https:\/\/elmejorjamon.es\/de\/wp-json\/wp\/v2\/product"}],"about":[{"href":"https:\/\/elmejorjamon.es\/de\/wp-json\/wp\/v2\/types\/product"}],"replies":[{"embeddable":true,"href":"https:\/\/elmejorjamon.es\/de\/wp-json\/wp\/v2\/comments?post=2557"}],"wp:featuredmedia":[{"embeddable":true,"href":"https:\/\/elmejorjamon.es\/de\/wp-json\/wp\/v2\/media\/2518"}],"wp:attachment":[{"href":"https:\/\/elmejorjamon.es\/de\/wp-json\/wp\/v2\/media?parent=2557"}],"wp:term":[{"taxonomy":"product_brand","embeddable":true,"href":"https:\/\/elmejorjamon.es\/de\/wp-json\/wp\/v2\/product_brand?post=2557"},{"taxonomy":"product_cat","embeddable":true,"href":"https:\/\/elmejorjamon.es\/de\/wp-json\/wp\/v2\/product_cat?post=2557"},{"taxonomy":"product_tag","embeddable":true,"href":"https:\/\/elmejorjamon.es\/de\/wp-json\/wp\/v2\/product_tag?post=2557"}],"curies":[{"name":"wp","href":"https:\/\/api.w.org\/{rel}","templated":true}]}}

<p>Iberischer Eichelschinken, 50 % iberische Rasse, 48 Monate natürlich gereift, aus der Ernte 2022. Die verlängerte Reifezeit sorgt für ein komplexeres Aroma, eine seidigere Textur und eine bessere Fettbindung. Limitierte Auflage.</p>

<!-- This site is optimized with the Yoast SEO plugin v27.4 - https://yoast.com/product/yoast-seo-wordpress/ -->
<title>Monteparra Iberischer Eichelschinken, 50 % iberische Rasse - El Mejor Jamón</title>
<meta name="robots" content="index, follow, max-snippet:-1, max-image-preview:large, max-video-preview:-1" />
<link rel="canonical" href="https://elmejorjamon.es/de/producto/monteparra-iberischer-eichelschinken-50-iberische-rasse/" />
<meta property="og:locale" content="de_DE" />
<meta property="og:type" content="article" />
<meta property="og:title" content="Monteparra Iberischer Eichelschinken, 50 % iberische Rasse - El Mejor Jamón" />
<meta property="og:description" content="Monteparra Iberico Schinken 50% iberischen Rasse." />
<meta property="og:url" content="https://elmejorjamon.es/de/producto/monteparra-iberischer-eichelschinken-50-iberische-rasse/" />
<meta property="og:site_name" content="El Mejor Jamón" />
<meta property="article:publisher" content="https://www.facebook.com/elmejorjamonweb" />
<meta property="article:modified_time" content="2026-02-04T08:58:49+00:00" />
<meta property="og:image" content="https://elmejorjamon.es/wp-content/uploads/2013/04/1763-thickbox_default-Jamon-de-bellota-50-berico-Monteparra-Guijuelo.jpg" />
	<meta property="og:image:width" content="1100" />
	<meta property="og:image:height" content="1422" />
	<meta property="og:image:type" content="image/jpeg" />
<meta name="twitter:card" content="summary_large_image" />
<meta name="twitter:site" content="@elmejorjamonweb" />
<meta name="twitter:label1" content="Geschätzte Lesezeit" />
	<meta name="twitter:data1" content="1 Minute" />
<script type="application/ld+json" class="yoast-schema-graph">{"@context":"https:\/\/schema.org","@graph":[{"@type":"WebPage","@id":"https:\/\/elmejorjamon.es\/de\/producto\/monteparra-iberischer-eichelschinken-50-iberische-rasse\/","url":"https:\/\/elmejorjamon.es\/de\/producto\/monteparra-iberischer-eichelschinken-50-iberische-rasse\/","name":"Monteparra Iberischer Eichelschinken, 50 % iberische Rasse - El Mejor Jamón","isPartOf":{"@id":"https:\/\/elmejorjamon.es\/#website"},"primaryImageOfPage":{"@id":"https:\/\/elmejorjamon.es\/de\/producto\/monteparra-iberischer-eichelschinken-50-iberische-rasse\/#primaryimage"},"image":{"@id":"https:\/\/elmejorjamon.es\/de\/producto\/monteparra-iberischer-eichelschinken-50-iberische-rasse\/#primaryimage"},"thumbnailUrl":"https:\/\/elmejorjamon.es\/wp-content\/uploads\/2013\/04\/1763-thickbox_default-Jamon-de-bellota-50-berico-Monteparra-Guijuelo.jpg","datePublished":"2013-04-23T08:59:12+00:00","dateModified":"2026-02-04T08:58:49+00:00","breadcrumb":{"@id":"https:\/\/elmejorjamon.es\/de\/producto\/monteparra-iberischer-eichelschinken-50-iberische-rasse\/#breadcrumb"},"inLanguage":"de","potentialAction":[{"@type":"ReadAction","target":["https:\/\/elmejorjamon.es\/de\/producto\/monteparra-iberischer-eichelschinken-50-iberische-rasse\/"]}]},{"@type":"ImageObject","inLanguage":"de","@id":"https:\/\/elmejorjamon.es\/de\/producto\/monteparra-iberischer-eichelschinken-50-iberische-rasse\/#primaryimage","url":"https:\/\/elmejorjamon.es\/wp-content\/uploads\/2013\/04\/1763-thickbox_default-Jamon-de-bellota-50-berico-Monteparra-Guijuelo.jpg","contentUrl":"https:\/\/elmejorjamon.es\/wp-content\/uploads\/2013\/04\/1763-thickbox_default-Jamon-de-bellota-50-berico-Monteparra-Guijuelo.jpg","width":1100,"height":1422},{"@type":"BreadcrumbList","@id":"https:\/\/elmejorjamon.es\/de\/producto\/monteparra-iberischer-eichelschinken-50-iberische-rasse\/#breadcrumb","itemListElement":[{"@type":"ListItem","position":1,"name":"Portada","item":"https:\/\/elmejorjamon.es\/de\/"},{"@type":"ListItem","position":2,"name":"Schnellstart","item":"https:\/\/elmejorjamon.es\/de\/"},{"@type":"ListItem","position":3,"name":"Monteparra Iberischer Eichelschinken, 50 % iberische Rasse"}]},{"@type":"WebSite","@id":"https:\/\/elmejorjamon.es\/#website","url":"https:\/\/elmejorjamon.es\/","name":"El Mejor Jamón","description":"Comprar jamones y embutidos a buen precio","publisher":{"@id":"https:\/\/elmejorjamon.es\/#organization"},"potentialAction":[{"@type":"SearchAction","target":{"@type":"EntryPoint","urlTemplate":"https:\/\/elmejorjamon.es\/?s={search_term_string}"},"query-input":{"@type":"PropertyValueSpecification","valueRequired":true,"valueName":"search_term_string"}}],"inLanguage":"de"},{"@type":"Organization","@id":"https:\/\/elmejorjamon.es\/#organization","name":"El Mejor Jamón","url":"https:\/\/elmejorjamon.es\/","logo":{"@type":"ImageObject","inLanguage":"de","@id":"https:\/\/elmejorjamon.es\/#\/schema\/logo\/image\/","url":"https:\/\/elmejorjamon.es\/wp-content\/uploads\/2025\/01\/logocorreos.png","contentUrl":"https:\/\/elmejorjamon.es\/wp-content\/uploads\/2025\/01\/logocorreos.png","width":277,"height":200,"caption":"El Mejor Jamón"},"image":{"@id":"https:\/\/elmejorjamon.es\/#\/schema\/logo\/image\/"},"sameAs":["https:\/\/www.facebook.com\/elmejorjamonweb","https:\/\/x.com\/elmejorjamonweb","https:\/\/www.instagram.com\/elmejorjamonweb\/"]}]}</script>
<!-- / Yoast SEO plugin. -->

Monteparra Iberischer Eichelschinken, 50 % iberische Rasse - El Mejor Jamón

El Mejor Jamón
